72/5. Suppose 4*b - x = -186. Is 17 a factor of (-4)/8 - b/(-6)?
True
Suppose 0*i - i + 2 = 0. Suppose -3*f + 66 = -b - 11, 4*f + i*b - 116 = 0. Let y = 46 - f. Is y a multiple of 19?
True
Let w be (-70)/28*6/(-3). Let i = -370 - -543. Suppose -i = w*q - 593. Is 28 a factor of q?
True
Suppose 10*u - 23*u + 2015 = 0. Does 13 divide u?
False
Let m = -14 - -68. Let i(q) = 10*q - 20. Let p be i(4). Is (p/(-6))/((-12)/m) a multiple of 5?
True
Let z(t) = -5*t**2 + 38*t + 2. Does 10 divide z(6)?
True
Let s(x) = -x**3 + 3*x**2 + 5*x + 3. Let y = 31 + -27. Is 2 a factor of s(y)?
False
Let q be (-1002)/(-4)*(128/(-12))/8. Let j = -86 - q. Is 31 a factor of j?
True
Suppose 14*v = 9*v + 2*u + 7279, v = -3*u + 1466. Does 31 divide v?
True
Let x = 0 - 2. Does 16 divide 3/x*(-128)/6?
True
Let i be (-3)/6*-298 + (0 - 4). Let p = -118 + i. Is p a multiple of 9?
True
Let m be ((-3)/4)/((-3)/8). Suppose -m*p - 4 + 28 = 0. Does 6 divide -6*1/(p/(-20))?
False
Suppose -3*i - 2*o = -o - 13, 0 = 4*i - 3*o - 26. Suppose -4*n + 2*k = -36 - 98, -2*n - i*k = -73. Is n a multiple of 17?
True
Let l = -5 + 3. Let x(z) = -57*z. Let h be x(l). Suppose n + 2*n = h. Is 10 a factor of n?
False
Suppose -10*w = -6*w - 384. Suppose 3*y - 5*y + a + w = 0, -a - 144 = -3*y. Is 16 a factor of y?
True
Let b = 210 + -166. Is 22 a factor of b?
True
Let v(f) = -18*f + 2502. Is v(0) a multiple of 7?
False
Suppose 4*p = -2*w - 136, 2*p - 4*p + 212 = -3*w. Let x = w + 130. Is 20 a factor of x?
True
Suppose -2*k + 127 = -111. Suppose 5*h + 4*v - 440 = 0, -k = -h - 2*v - 25. Is h a multiple of 35?
False
Suppose 2*f = -55 + 5. Let u = 47 + f. Does 20 divide u?
False
Let t = -12 + -21. Let p = 121 + t. Does 28 divide p?
False
Let o(v) = v - 4. Let w be o(4). Let i = 3 - w. Suppose 0*c = i*c - 51. Does 4 divide c?
False
Suppose 21*w = 22803 + 549. Is 14 a factor of w?
False
Suppose -5*b = 4*n - 342, -2*b + 6*b = -2*n + 276. Is b even?
True
Suppose -5*a + 532 = 2*y - 289, 2*a + 4*y - 322 = 0. Is 5 a factor of a?
True
Suppose 3*d + 1 - 31 = -3*n, -2*d = 4. Let s = n + -11. Does 3 divide s/2*(-6 - -12)?
True
Let u(g) be the second derivative of -g**3/3 + g**2/2 - 3*g. Let m be u(5). Is (-6)/m - (-103)/3 a multiple of 35?
True
Let o = 152 + -13. Is 7 a factor of o?
False
Is 48/(-216) - 50134/(-18) a multiple of 48?
False
Let g = 0 + 2. Suppose d + g*d - 263 = -4*m, 67 = m + 2*d. Is 13 a factor of m?
True
Suppose -17 = l - 5*q, -q - q + 17 = 3*l. Suppose 2*w - 31 = -l. Is 4 a factor of w?
False
Let h(k) = -2*k**2 + 6*k - 4. Let o be h(4). Is 22 a factor of (-44)/o*48/4?
True
Suppose 9*k + 8 = -q + 4*k, 0 = k + 4. Suppose -q = -4*w, b = -w - 3*w + 46. Is 31 a factor of b?
False
Is (-493 + -35)*1/(-1 - 0) a multiple of 33?
True
Suppose 5*x + 0*j = 2*j + 68, 2*x - j = 28. Let i = -14 + x. Is 12 a factor of 234/6 - (-6)/i?
True
Is 5 + 0 - 2*(-724)/8 a multiple of 19?
False
Let j be 7885*((-23)/(-5) - 3). Let o be j/(-120) + 2/15. Let b = o + 159. Is 17 a factor of b?
False
Suppose 4*i - 8*n - 9634 = -7*n, -2415 = -i - 3*n. Is 33 a factor of i?
True
Suppose v + 45*x = 48*x + 191, -2*v + 5*x = -387. Is v a multiple of 103?
True
Let p(s) = s + 48. Let l be (-1)/(-2)*(2 + (1 - 3)). Is p(l) a multiple of 8?
True
Is 1 - 2337/(-9)*3 a multiple of 52?
True
Let l(b) = -4*b - 16. Let j be l(-4). Let x(w) = w + 38. Does 19 divide x(j)?
True
Does 7 divide 0/1 + (-12 - -99)?
False
Let s = 412 + -147. Is 3 a factor of s?
False
Suppose 0 = -2*y + g + 15, -4*y + g + 36 = 5*g. Suppose -2*w - 205 = 3659. Is w/(-48) + (-2)/y a multiple of 10?
True
Suppose -5*n - 31 = 2*m, 0 = -m + 3*m - n + 13. Let k be (2 + m)*(-5)/3. Suppose x = -d - 3 + k, d - 5*x - 7 = 0. Does 7 divide d?
True
Let m = -48 + 80. Is 17 a factor of ((-680)/m)/(-1 - 6/(-8))?
True
Suppose 0 = -5*z + 5*d - 20, -5*z + 4 = -0*z + d. Let l(w) = -2*w - 9*w**2 - 7 + z*w**3 - 2*w**3 - 10*w + w**3. Does 23 divide l(-8)?
False
Let x = 182 + -124. Suppose -y + 10 = -x. Is y a multiple of 17?
True
Suppose 2*l = -6, -4*f - 4*l = -6*l - 998. Does 6 divide f?
False
Suppose 4*c = -s + 13, 3*s = 5*c - s + 10. Suppose t + 0*r = c*r + 43, 0 = -t - 3*r + 28. Is 9 a factor of t?
False
Suppose -3*z = z. Suppose z = 12*l - 14*l. Suppose 3*b + b - 20 = l, -53 = -3*v + 5*b. Does 13 divide v?
True
Suppose -4*s + 29 = -91. Let n(k) = -s + 56 - 7*k - 34. Does 4 divide n(-4)?
True
Let g(r) = -528*r**3 + 4*r**2 + 6*r + 4. Is 11 a factor of g(-1)?
False
Let r be 147/(-35) + (-2)/(-10). Is 4 a factor of -4 + (r - -6) + 68 + -1?
False
Suppose -r = 2*r - 5*y - 41, 5*r = 3*y + 63. Let n = -9 + r. Is 186/18 + 2/n a multiple of 11?
True
Let l(v) = 18*v**2 - 30*v + 43. Does 82 divide l(11)?
False
Suppose 0 = 35*y - 37*y + 1614. Let p = y + -418. Is 39 a factor of p?
False
Is 48 a factor of 238 - 4/1*(-6)/12?
True
Suppose -65 = -y + 46. Suppose 0*j - 3*j + 132 = -4*q, -3*j + y = 3*q. Is j a multiple of 5?
True
Let r be (-48)/(-21) + (-2)/7. Suppose 4*j = 4*c - 84, 0*j = c - r*j - 24. Let x = -8 + c. Does 5 divide x?
True
Suppose -i - 4*d = -9, -3*d = i + 3*i - 23. Suppose -x = s - 60 - 12, -i*x = 2*s - 144. Suppose -6*p + 2*p + 194 = 5*z, s = 2*z + 3*p. Is z a multiple of 14?
True
Let i be ((-3)/2)/((-6)/(-40)). Let d = i + 18. Suppose -2 = u + 2*h, 4*h - d = -4*u - 0*h. Does 3 divide u?
True
Let v(j) = 118*j**3 - 2*j**2 + j + 2. Let r be v(-1). Let a be r/153 - (-4)/(-18). Is 4 + 45 + 0 + a a multiple of 27?
False
Suppose 0 = -4*z, -23*z + 26*z = -4*y + 7884. Does 27 divide y?
True
Let x(l) = -l**3 - 2*l**2 - l. Let y be x(-2). Is 15 a factor of (-10)/((6/(-9))/y)?
True
Suppose 4*n - 3*n = 81. Suppose 5*c = -6*i + 4*i + 57, -4*i + c + n = 0. Is i a multiple of 21?
True
Let p = -7 + 10. Let i be (2/p)/(16/72). Suppose 2*l + i*l - 3*z - 434 = 0, -3*z + 416 = 5*l. Is l a multiple of 30?
False
Let u(j) = 16*j**2 - j. Let t = -16 - -15. Let i = 0 + t. Does 13 divide u(i)?
False
Suppose 1077 = 4*k + y, 4*y - 798 = -3*k - 0*k. Let c = -186 + k. Does 12 divide c?
True
Let g = 25 - 38. Let j(n) = -2 + 12*n + 2 + 0*n**2 + n**3 + 6 + 14*n**2. Is 8 a factor of j(g)?
False
Suppose -4*b - 5*y = -31, 7 = b - 0*y + y. Suppose -3*f + b*o = o - 15, -3*f = -5*o - 7. Suppose 0 = 4*g - 4*x - 196, -x - f - 94 = -2*g. Does 14 divide g?
False
Suppose 23 = 5*l + 3. Suppose 11 = l*t - 213. Is 14 a factor of t?
True
Let l(g) = g**2 + 2*g - 8. Let k be l(-5). Let c = 86 - 58. Suppose 3*s + k - c = 0. Is s a multiple of 2?
False
Let q = -4169 + 8159. Does 95 divide q?
True
Let m(w) = -55*w - 236. Is 35 a factor of m(-37)?
False
Let f = -715 - -1932. Does 19 divide f?
False
Suppose 5*f + 2*f - 252 = 0. Let o be 4/6 - (-192)/f. Suppose -o*y + 176 = -2*y. Is y a multiple of 22?
True
Let d(k) = 15*k**3 - 16*k**3 + k**2 + 2*k**2 + 2. Let x be d(3). Suppose -2*a - a = x*s - 128, 1 = s. Is 14 a factor of a?
True
Let x be (-9 - 15/5)/((-3)/20). Suppose -4*a + 280 = -x. Is a a multiple of 15?
True
Suppose 9 - 1 = 2*b - z, -5*z - 16 = -2*b. Suppose 4*w - 12 = 4*c, -b*w - 5*c = -2*c + 21. Does 14 divide (w - (-2 + 37))*-1?
False
Let i = -4 + 34. Let p = i + -4. Does 11 divide p?
False
Suppose -2*k + 653 = 37. Suppose -58 = -5*l + 4*l + 5*o, o + k = 4*l. Is 26 a factor of l?
True
Let s be (-1)/((-12)/(-39))*-4. Suppose 0 = 17*w - s*w - 32. Is 4 a factor of w?
True
Let s(q) = 180*q**2 - 12*q + 24. Does 45 divide s(2)?
True
Suppose 5*g = 3*x + 4, -6*x = -4*g - 2*x. Suppose -g*n - 3*z = -5*n, 0 = n - 2*z + 4. Is 11 a factor of 9/(3*n/84)?
False
Let z = 78 - 3. Suppose 0 = -4*w - 4*x + 104, -2*w + 2*x - 15 = -z. Does 3 divide w?
False
Suppose 4*f = t - 5 - 25, 2*f + 10 = -2*t. Let x(r) = -r - 17. Let l be x(f). Let m = 13 + l. Is m even?
False
Let g be 16/10*(-8 + 3). Is 2*(-2)/g*12 a multiple of 2?
True
Let p be -1 - 2 - 26 - 3. Let m = -17 - p. Let b = m + 21. Does 12 divide b?
True
Suppose 11*y - 14*y = -60. Let v be (4 - 92/y)*-10. Is 7*3*10/v a multiple of 7?
True
Let f(v) = -2*v + 12. Let q be f(12). Let w be -30*(q/(-20) - 1). Let p = 38 - w. Is p a multiple of 13?
True
Suppose 3*c - 397 = 155. Suppose 0 = -30*n + 28*n + c. Is 25 a factor of n?
False
Let a(z) = -75*z - 4. Let m be a(-1). Suppose m + 49 = 2*i. Is i a multiple of 10?
True
Let l(j) = 27*j + 71. Is 8 a factor of l(11)?
True
Let n be (-3)/(-4) + (-1683)/36. Let g = 